k is divided by r.
8
Let f = -199 - -214. Calculate the remainder when 58 is divided by f.
13
Suppose 5*t = 26*r - 22*r + 910, 0 = 2*r + 10. What is the remainder when t is divided by 3?
1
Let c be (10/6 - 1)*69. Let l = c + 6. Let g = 143 - 125. What is the remainder when l is divided by g?
16
Calculate the remainder when (-16)/2 - 79/(-1) is divided by 30.
11
Suppose 5*o + 218 = 2*w, -4*w + 5*w + 5*o - 124 = 0. Let m = 149 - w. What is the remainder when m is divided by 4?
3
Suppose -4*i + 2*t = -208, 3*t + 179 + 29 = 4*i. Let h(z) = 11*z + 59. Calculate the remainder when i is divided by h(-4).
7
Calculate the remainder when (-4)/12 - (-8992)/48 is divided by 32.
27
Let h = -24 + -18. Suppose -6*p + 58 = -p - 2*z, -5*z - 50 = -3*p. What is the remainder when (518/h)/((-2)/6) is divided by p?
7
Suppose -5*w - 18 = 4*f + 15, -57 = 5*f + w. Let o(i) = 3*i**2 + 31*i + 25. What is the remainder when o(f) is divided by 45?
40
Suppose -24*s = -31*s + 252. Suppose 6 = -2*i + s. What is the remainder when i is divided by 5?
0
Let w = 11 - 3. Let s = 19 - w. Let h = -8 + s. What is the remainder when 5 is divided by h?
2
Let s be 8*-2*(3 - 1). Let v = -17 - s. Let b = v + -7. Calculate the remainder when 22 is divided by b.
6
Calculate the remainder when 49 is divided by ((-30)/35)/((-2)/140*2).
19
Let r be 4/18 - (6 + 208/(-36)). Suppose 3*x + 2*v = v + 431, r = -x - v + 145. Calculate the remainder when x is divided by 36.
35
Let q = 48 + -40. What is the remainder when 16 is divided by q?
0
Let b = 604 - 570. Calculate the remainder when 164 is divided by b.
28
Suppose 58*x + 3348 - 9960 = 0. Calculate the remainder when 124 is divided by x.
10
Suppose 0 = 4*k - 1 - 19. Suppose -g + k*g = -v + 92, -5*v = -4*g + 68. What is the remainder when g is divided by 5*3/3 - -7?
10
What is the remainder when 25/10*5548/95 is divided by 6?
2
Let n = -154 - -167. Suppose 2*b + 22 = 2*r - 0*r, -31 = 5*b + r. What is the remainder when n is divided by (-2)/((-5)/b + -1)?
6
Suppose 0 = 5*r + 4*a + 56 - 356, -a = -3*r + 180. Calculate the remainder when 177 is divided by r.
57
What is the remainder when (-3 - 0) + 2 + (95 - -14) is divided by 23?
16
Let g be 1*(-3 + 2)*(-5 + 2). Suppose k + 3*f - 2*f = 24, 75 = 4*k - g*f. Calculate the remainder when 41 is divided by k.
20
Let w = 20 + -17. Suppose 3*u + 3*s = 147, w*u + 0*u + 4*s = 151. Let z = -34 - -57. Calculate the remainder when u is divided by z.
22
Let i(z) = 11*z**2 - z - 3. Calculate the remainder when i(-2) is divided by 28.
15
Suppose 90 = 165*l - 155*l. What is the remainder when 215 is divided by l?
8
Suppose -4*t = -2*v + 12, -3*t = 4*v - 8*t - 18. What is the remainder when v + -4*(-1)/4 is divided by (-1 - -3)/(8 - 6)?
0
Suppose -2 = -z - 4. Let d be 3 + (z - 0) + 3. Let u = -2 + d. Calculate the remainder when 8 is divided by u.
0
Calculate the remainder when (3/(9/3))/((-2)/(-134)) is divided by 38.
29
Let u be (52 - -1) + 3 + -5. Let v = u + -8. What is the remainder when v is divided by 15?
13
Let j(m) = -13*m + 109. Calculate the remainder when 85 is divided by j(6).
23
Let y(m) = 3*m**2 - 4*m + 3. Suppose 29*j - 30*j = -45. What is the remainder when y(-7) is divided by j?
43
Let q = -84 - -288. What is the remainder when q is divided by 52?
48
Let k(l) = -l**2 + 8 + 4 - 10 + 7*l. Calculate the remainder when 64 is divided by k(4).
8
Let o = -27 - -32. Suppose -7 = -o*d + 13. Let b(g) = 6*g**2 - 4*g - 3. What is the remainder when b(d) is divided by 20?
17
Suppose 50 = l - 58. Let q = 22 - -7. Calculate the remainder when l is divided by q.
21
Suppose -73 = -13*f + 31. Calculate the remainder when 63 is divided by f.
7
Let z(h) = -h + 6. Let o = 12 - 17. Let a be z(o). Let x = a - -10. What is the remainder when 60 is divided by x?
18
What is the remainder when (-78)/(-52)*(1772/3)/2 is divided by 152?
139
Let q = 15 + 0. Let r(o) = 4*o + 0*o - 31 - 3*o + 4*o. Calculate the remainder when q is divided by r(7).
3
Suppose -3*o + 2*d + 88 = -15, -2*o + 66 = -2*d. What is the remainder when 93 is divided by o?
19
Let t = 219 + -107. Suppose -l + u = -32, 2*u - u - t = -3*l. Calculate the remainder when l is divided by 20.
16
Suppose -4*s = -s - 6. Suppose 89 = s*y + 17. Suppose n = -n + y. What is the remainder when 53 is divided by n?
17
Let r(w) = -w**3 - 7*w**2 - 2*w + 9. Let q = -118 - -127. Calculate the remainder when r(-7) is divided by q.
5
Let o = 1196 + -1167. What is the remainder when 401 is divided by o?
24
Suppose -3*n + 90 = 5*r, 14*n - 12*n - 85 = -5*r. Calculate the remainder when 101 is divided by r.
11
Suppose 18*y - 1 = 71. Suppose -5*z + 239 = -y*v, 2*z = 5*z + 4*v - 137. Calculate the remainder when z is divided by 10.
7
Let h = 18 + -13. Let u(s) = 5*s - 2. Let n(c) = -2*c - 8. What is the remainder when u(h) is divided by n(-8)?
7
Let l(n) = 3*n**3 - 4*n**2 + 2*n. Let y(f) = -f**2 - 9*f - 10. Let t be y(-7). Suppose -106 = -t*a - 22. Calculate the remainder when a is divided by l(2).
9
Suppose 62*d + 78 = 68*d. What is the remainder when 24 is divided by d?
11
Suppose -2*r - 307 = -5*z, r = 4*z - 0*r - 245. Let i = -12 - -19. What is the remainder when z is divided by i?
5
What is the remainder when (-4)/((-16)/(-126))*120/(-35) is divided by 37?
34
Let c(d) = d**3 + 6*d**2 + 2*d - 1. Let z be (-2 + -11 - 2)*3. Calculate the remainder when c(-5) is divided by (7 - 1)*(-60)/z.
6
Suppose 2*l - l = 10. What is the remainder when 14/(-10)*-43 - 2/l is divided by 16?
12
Let i(r) = 2*r + 6. Let g be i(-3). Suppose 3*k - 4*z = 28 - g, 13 = k - 5*z. Let v(h) = 6*h**3 - 2*h + 1. What is the remainder when k is divided by v(1)?
3
Let d = 549 + -521. Calculate the remainder when 56 is divided by d.
0
Suppose -2*x + 3*d + 56 = 2*x, -2*x = d - 28. Let v = 3 - 1. Suppose -3*b + 2*w + 123 = w, 0 = -2*b - v*w + 82. What is the remainder when b is divided by x?
13
Suppose -11*j = -429 + 121. What is the remainder when 92 is divided by j?
8
Calculate the remainder when 2/(-5) + 184/10 is divided by (-8)/36 + (-3 - (-137)/9).
6
Suppose -29*m + 12*m + 1207 = 0. What is the remainder when 778 is divided by m?
68
Let i = -204 + 252. Calculate the remainder when 54 is divided by i.
6
Let t = -20 + 22. Suppose 4*r = t*r - 5*s + 33, -2*r + 63 = -s. Let a(n) = -n**2 + 9*n + 8. Calculate the remainder when r is divided by a(9).
5
Let o = 55 - 36. Let d be ((-9)/9)/((-1)/15). Suppose -6 = -2*b, 3*l + 0*l = 2*b + d. Calculate the remainder when o is divided by l.
5
Let p(q) = 2*q**2 - 2*q - 5. Let i be p(3). Let o(u) = -1 - i*u + 0*u - 4*u + u. What is the remainder when o(-6) is divided by 21?
17
Calculate the remainder when 8 + 5 + 0 - 0 is divided by 8.
5
Let z = 161 + -110. What is the remainder when z is divided by 8?
3
Suppose 3 = 3*f - 6, 4*j - 31 = -f. Calculate the remainder when 549 is divided by j.
3
Suppose 0 = 20*j - 16*j. Suppose -4*u + 4*m + 0*m + 4 = j, -u + 1 = 2*m. Suppose 6 = x - u. What is the remainder when 25 is divided by x?
4
Let v = 130 - 272. Let y = -126 - v. Calculate the remainder when 45 is divided by y.
13
Suppose -4*b - b = -75. What is the remainder when 3861/858*206/9 is divided by b?
13
Calculate the remainder when 115 is divided by 208/10 + (-3)/(-15).
10
Let q(h) = 12*h - 46. Calculate the remainder when 204 is divided by q(6).
22
Suppose 7*i - 4*i = n - 15, 0 = 3*n - 3*i - 21. Suppose n*f + p = -0*p + 482, 2*p = f - 156. What is the remainder when f is divided by 54?
52
Let g(u) = 163*u - 6. Let k be g(3). Suppose -3*q - 3*t - 81 = -k, -370 = -3*q + 5*t. What is the remainder when q is divided by 22?
20
Let n = -45 + 56. Suppose 10*v = n*v - 8. Calculate the remainder when 39 is divided by v.
7
Suppose -9*l + 1056 = 300. What is the remainder when l is divided by 18?
12
Suppose 300 = 2*f + 4*g, -6*f = -11*f + 3*g + 815. What is the remainder when f is divided by 41?
37
Let v = -14 + 26. Suppose -5*o + o + n + 41 = 0, -2*n = -o + v. What is the remainder when (148/(-10))/(o/(-25)) is divided by 13?
11
Let t(c) = c**3 + 7*c**2 + 6*c + 4. Suppose -2*a + 6 = -3*a. Let k be (-85)/15 + (-4)/a. What is the remainder when t(k) is divided by 9?
6
Let y(c) = -c - 1. Let a be y(2). Let o(x) = x**3 + 4*x**2 + 2*x - 1. Let g be o(a). Suppose g*v = -2*v + 72. Calculate t